{"id":7944,"date":"2025-05-15T14:02:43","date_gmt":"2025-05-15T13:02:43","guid":{"rendered":"https:\/\/www.buettenberg.ch\/product\/amandes-grillees-au-gout-piquant-dajvar-150-g\/"},"modified":"2025-05-15T14:02:43","modified_gmt":"2025-05-15T13:02:43","slug":"amandes-grillees-au-gout-piquant-dajvar-150-g","status":"publish","type":"product","link":"https:\/\/www.buettenberg.ch\/fr\/produit\/amandes-grillees-au-gout-piquant-dajvar-150-g\/","title":{"rendered":"Amandes grill\u00e9es au go\u00fbt piquant d&rsquo;ajvar 150 g"},"content":{"rendered":"<p><strong>Amandes grill\u00e9es au go\u00fbt piquant d&rsquo;ajvar 150 g<\/strong><\/p>\n<p><strong>Ingr\u00e9dients<\/strong>:<br \/>\nAmandes grill\u00e9es, ajvar (poivrons rouges, aubergines, huile de tournesol, vinaigre d&rsquo;alcool, concentr\u00e9 de tomates), sel, \u00e9pices (<strong>c\u00e9leri<\/strong>), ail, paprika en poudre, amidon de ma\u00efs.<\/p>\n<p><strong>Conservation :<\/strong><br \/>\nconserver dans un endroit frais et sec. \u00c0 consommer dans les 14 jours suivant l&rsquo;ouverture.<\/p>\n<p><strong>Valeurs nutritionnelles pour 100 g<\/strong> : \u00c9nergie 2450 kJ (584 kcal), lipides 48,5 g, glucides 5,7 g, prot\u00e9ines 24,8 g, sel 2,3 g<\/p>\n<p>Fabriqu\u00e9 avec amour et passion \u00e0 B\u00fcttenberg.<\/p>\n","protected":false},"excerpt":{"rendered":"<p>Amandes grill\u00e9es au go\u00fbt piquant d&rsquo;ajvar 150 g<br \/>Une bouch\u00e9e piquante parfaite pour l&rsquo;ap\u00e9ro.<b><\/b><\/p>\n<p><b> <\/b><\/p>\n","protected":false},"featured_media":6641,"template":"","meta":{"_jet_sm_ready_style":"","_jet_sm_style":"","_jet_sm_controls_values":"","_jet_sm_fonts_collection":"","_jet_sm_fonts_links":""},"product_brand":[],"product_cat":[48],"product_tag":[],"class_list":{"0":"post-7944","1":"product","2":"type-product","3":"status-publish","4":"has-post-thumbnail","6":"product_cat-repas","7":"product_shipping_class-envoyer","9":"first","10":"instock","11":"featured","12":"shipping-taxable","13":"purchasable","14":"product-type-simple"},"yoast_head":"<!-- This site is optimized with the Yoast SEO plugin v27.4 - https:\/\/yoast.com\/product\/yoast-seo-wordpress\/ -->\n<title>Amandes grill\u00e9es au go\u00fbt piquant d&#039;ajvar 150 g | Die Stiftung B\u00fcttenberg<\/title>\n<meta name=\"description\" content=\"Amandes grill\u00e9es au go\u00fbt piquant d&#039;ajvar 150 gUne bouch\u00e9e piquante parfaite pour l&#039;ap\u00e9ro.\" \/>\n<meta name=\"robots\" content=\"index, follow, max-snippet:-1, max-image-preview:large, max-video-preview:-1\" \/>\n<link rel=\"canonical\" href=\"https:\/\/www.buettenberg.ch\/fr\/produit\/amandes-grillees-au-gout-piquant-dajvar-150-g\/\" \/>\n<meta property=\"og:locale\" content=\"fr_FR\" \/>\n<meta property=\"og:type\" content=\"article\" \/>\n<meta property=\"og:title\" content=\"Amandes grill\u00e9es au go\u00fbt piquant d&#039;ajvar 150 g | Die Stiftung B\u00fcttenberg\" \/>\n<meta property=\"og:description\" content=\"Amandes grill\u00e9es au go\u00fbt piquant d&#039;ajvar 150 gUne bouch\u00e9e piquante parfaite pour l&#039;ap\u00e9ro.\" \/>\n<meta property=\"og:url\" content=\"https:\/\/www.buettenberg.ch\/fr\/produit\/amandes-grillees-au-gout-piquant-dajvar-150-g\/\" \/>\n<meta property=\"og:site_name\" content=\"Die Stiftung B\u00fcttenberg\" \/>\n<meta property=\"og:image\" content=\"https:\/\/www.buettenberg.ch\/wp-content\/uploads\/2025\/05\/Mandeln-scaled-e1763548041683.jpg\" \/>\n\t<meta property=\"og:image:width\" content=\"2350\" \/>\n\t<meta property=\"og:image:height\" content=\"1707\" \/>\n\t<meta property=\"og:image:type\" content=\"image\/jpeg\" \/>\n<meta name=\"twitter:card\" content=\"summary_large_image\" \/>\n<script type=\"application\/ld+json\" class=\"yoast-schema-graph\">{\"@context\":\"https:\\\/\\\/schema.org\",\"@graph\":[{\"@type\":\"WebPage\",\"@id\":\"https:\\\/\\\/www.buettenberg.ch\\\/fr\\\/produit\\\/amandes-grillees-au-gout-piquant-dajvar-150-g\\\/\",\"url\":\"https:\\\/\\\/www.buettenberg.ch\\\/fr\\\/produit\\\/amandes-grillees-au-gout-piquant-dajvar-150-g\\\/\",\"name\":\"Amandes grill\u00e9es au go\u00fbt piquant d'ajvar 150 g | Die Stiftung B\u00fcttenberg\",\"isPartOf\":{\"@id\":\"https:\\\/\\\/www.buettenberg.ch\\\/fr\\\/#website\"},\"primaryImageOfPage\":{\"@id\":\"https:\\\/\\\/www.buettenberg.ch\\\/fr\\\/produit\\\/amandes-grillees-au-gout-piquant-dajvar-150-g\\\/#primaryimage\"},\"image\":{\"@id\":\"https:\\\/\\\/www.buettenberg.ch\\\/fr\\\/produit\\\/amandes-grillees-au-gout-piquant-dajvar-150-g\\\/#primaryimage\"},\"thumbnailUrl\":\"https:\\\/\\\/www.buettenberg.ch\\\/wp-content\\\/uploads\\\/2025\\\/05\\\/Mandeln-scaled-e1763548041683.jpg\",\"datePublished\":\"2025-05-15T13:02:43+00:00\",\"description\":\"Amandes grill\u00e9es au go\u00fbt piquant d'ajvar 150 gUne bouch\u00e9e piquante parfaite pour l'ap\u00e9ro.\",\"breadcrumb\":{\"@id\":\"https:\\\/\\\/www.buettenberg.ch\\\/fr\\\/produit\\\/amandes-grillees-au-gout-piquant-dajvar-150-g\\\/#breadcrumb\"},\"inLanguage\":\"fr-FR\",\"potentialAction\":[{\"@type\":\"ReadAction\",\"target\":[\"https:\\\/\\\/www.buettenberg.ch\\\/fr\\\/produit\\\/amandes-grillees-au-gout-piquant-dajvar-150-g\\\/\"]}]},{\"@type\":\"ImageObject\",\"inLanguage\":\"fr-FR\",\"@id\":\"https:\\\/\\\/www.buettenberg.ch\\\/fr\\\/produit\\\/amandes-grillees-au-gout-piquant-dajvar-150-g\\\/#primaryimage\",\"url\":\"https:\\\/\\\/www.buettenberg.ch\\\/wp-content\\\/uploads\\\/2025\\\/05\\\/Mandeln-scaled-e1763548041683.jpg\",\"contentUrl\":\"https:\\\/\\\/www.buettenberg.ch\\\/wp-content\\\/uploads\\\/2025\\\/05\\\/Mandeln-scaled-e1763548041683.jpg\",\"width\":2350,\"height\":1707},{\"@type\":\"BreadcrumbList\",\"@id\":\"https:\\\/\\\/www.buettenberg.ch\\\/fr\\\/produit\\\/amandes-grillees-au-gout-piquant-dajvar-150-g\\\/#breadcrumb\",\"itemListElement\":[{\"@type\":\"ListItem\",\"position\":1,\"name\":\"Home\",\"item\":\"https:\\\/\\\/www.buettenberg.ch\\\/fr\\\/accueil\\\/\"},{\"@type\":\"ListItem\",\"position\":2,\"name\":\"Boutique\",\"item\":\"https:\\\/\\\/www.buettenberg.ch\\\/fr\\\/boutique\\\/\"},{\"@type\":\"ListItem\",\"position\":3,\"name\":\"Amandes grill\u00e9es au go\u00fbt piquant d&#8217;ajvar 150 g\"}]},{\"@type\":\"WebSite\",\"@id\":\"https:\\\/\\\/www.buettenberg.ch\\\/fr\\\/#website\",\"url\":\"https:\\\/\\\/www.buettenberg.ch\\\/fr\\\/\",\"name\":\"Die Stiftung B\u00fcttenberg\",\"description\":\"Ein Ort der Begegnungen und Geborgenheit.\",\"publisher\":{\"@id\":\"https:\\\/\\\/www.buettenberg.ch\\\/fr\\\/#organization\"},\"alternateName\":\"Die Stiftung B\u00fcttenberg\",\"potentialAction\":[{\"@type\":\"SearchAction\",\"target\":{\"@type\":\"EntryPoint\",\"urlTemplate\":\"https:\\\/\\\/www.buettenberg.ch\\\/fr\\\/?s={search_term_string}\"},\"query-input\":{\"@type\":\"PropertyValueSpecification\",\"valueRequired\":true,\"valueName\":\"search_term_string\"}}],\"inLanguage\":\"fr-FR\"},{\"@type\":\"Organization\",\"@id\":\"https:\\\/\\\/www.buettenberg.ch\\\/fr\\\/#organization\",\"name\":\"Die Stiftung B\u00fcttenberg\",\"alternateName\":\"Die Stiftung B\u00fcttenberg\",\"url\":\"https:\\\/\\\/www.buettenberg.ch\\\/fr\\\/\",\"logo\":{\"@type\":\"ImageObject\",\"inLanguage\":\"fr-FR\",\"@id\":\"https:\\\/\\\/www.buettenberg.ch\\\/fr\\\/#\\\/schema\\\/logo\\\/image\\\/\",\"url\":\"https:\\\/\\\/www.buettenberg.ch\\\/wp-content\\\/uploads\\\/2025\\\/01\\\/buttenberg-logo.svg\",\"contentUrl\":\"https:\\\/\\\/www.buettenberg.ch\\\/wp-content\\\/uploads\\\/2025\\\/01\\\/buttenberg-logo.svg\",\"width\":172,\"height\":60,\"caption\":\"Die Stiftung B\u00fcttenberg\"},\"image\":{\"@id\":\"https:\\\/\\\/www.buettenberg.ch\\\/fr\\\/#\\\/schema\\\/logo\\\/image\\\/\"}}]}<\/script>\n<!-- \/ Yoast SEO plugin. -->","yoast_head_json":{"title":"Amandes grill\u00e9es au go\u00fbt piquant d'ajvar 150 g | Die Stiftung B\u00fcttenberg","description":"Amandes grill\u00e9es au go\u00fbt piquant d'ajvar 150 gUne bouch\u00e9e piquante parfaite pour l'ap\u00e9ro.","robots":{"index":"index","follow":"follow","max-snippet":"max-snippet:-1","max-image-preview":"max-image-preview:large","max-video-preview":"max-video-preview:-1"},"canonical":"https:\/\/www.buettenberg.ch\/fr\/produit\/amandes-grillees-au-gout-piquant-dajvar-150-g\/","og_locale":"fr_FR","og_type":"article","og_title":"Amandes grill\u00e9es au go\u00fbt piquant d'ajvar 150 g | Die Stiftung B\u00fcttenberg","og_description":"Amandes grill\u00e9es au go\u00fbt piquant d'ajvar 150 gUne bouch\u00e9e piquante parfaite pour l'ap\u00e9ro.","og_url":"https:\/\/www.buettenberg.ch\/fr\/produit\/amandes-grillees-au-gout-piquant-dajvar-150-g\/","og_site_name":"Die Stiftung B\u00fcttenberg","og_image":[{"width":2350,"height":1707,"url":"https:\/\/www.buettenberg.ch\/wp-content\/uploads\/2025\/05\/Mandeln-scaled-e1763548041683.jpg","type":"image\/jpeg"}],"twitter_card":"summary_large_image","schema":{"@context":"https:\/\/schema.org","@graph":[{"@type":"WebPage","@id":"https:\/\/www.buettenberg.ch\/fr\/produit\/amandes-grillees-au-gout-piquant-dajvar-150-g\/","url":"https:\/\/www.buettenberg.ch\/fr\/produit\/amandes-grillees-au-gout-piquant-dajvar-150-g\/","name":"Amandes grill\u00e9es au go\u00fbt piquant d'ajvar 150 g | Die Stiftung B\u00fcttenberg","isPartOf":{"@id":"https:\/\/www.buettenberg.ch\/fr\/#website"},"primaryImageOfPage":{"@id":"https:\/\/www.buettenberg.ch\/fr\/produit\/amandes-grillees-au-gout-piquant-dajvar-150-g\/#primaryimage"},"image":{"@id":"https:\/\/www.buettenberg.ch\/fr\/produit\/amandes-grillees-au-gout-piquant-dajvar-150-g\/#primaryimage"},"thumbnailUrl":"https:\/\/www.buettenberg.ch\/wp-content\/uploads\/2025\/05\/Mandeln-scaled-e1763548041683.jpg","datePublished":"2025-05-15T13:02:43+00:00","description":"Amandes grill\u00e9es au go\u00fbt piquant d'ajvar 150 gUne bouch\u00e9e piquante parfaite pour l'ap\u00e9ro.","breadcrumb":{"@id":"https:\/\/www.buettenberg.ch\/fr\/produit\/amandes-grillees-au-gout-piquant-dajvar-150-g\/#breadcrumb"},"inLanguage":"fr-FR","potentialAction":[{"@type":"ReadAction","target":["https:\/\/www.buettenberg.ch\/fr\/produit\/amandes-grillees-au-gout-piquant-dajvar-150-g\/"]}]},{"@type":"ImageObject","inLanguage":"fr-FR","@id":"https:\/\/www.buettenberg.ch\/fr\/produit\/amandes-grillees-au-gout-piquant-dajvar-150-g\/#primaryimage","url":"https:\/\/www.buettenberg.ch\/wp-content\/uploads\/2025\/05\/Mandeln-scaled-e1763548041683.jpg","contentUrl":"https:\/\/www.buettenberg.ch\/wp-content\/uploads\/2025\/05\/Mandeln-scaled-e1763548041683.jpg","width":2350,"height":1707},{"@type":"BreadcrumbList","@id":"https:\/\/www.buettenberg.ch\/fr\/produit\/amandes-grillees-au-gout-piquant-dajvar-150-g\/#breadcrumb","itemListElement":[{"@type":"ListItem","position":1,"name":"Home","item":"https:\/\/www.buettenberg.ch\/fr\/accueil\/"},{"@type":"ListItem","position":2,"name":"Boutique","item":"https:\/\/www.buettenberg.ch\/fr\/boutique\/"},{"@type":"ListItem","position":3,"name":"Amandes grill\u00e9es au go\u00fbt piquant d&#8217;ajvar 150 g"}]},{"@type":"WebSite","@id":"https:\/\/www.buettenberg.ch\/fr\/#website","url":"https:\/\/www.buettenberg.ch\/fr\/","name":"Die Stiftung B\u00fcttenberg","description":"Ein Ort der Begegnungen und Geborgenheit.","publisher":{"@id":"https:\/\/www.buettenberg.ch\/fr\/#organization"},"alternateName":"Die Stiftung B\u00fcttenberg","potentialAction":[{"@type":"SearchAction","target":{"@type":"EntryPoint","urlTemplate":"https:\/\/www.buettenberg.ch\/fr\/?s={search_term_string}"},"query-input":{"@type":"PropertyValueSpecification","valueRequired":true,"valueName":"search_term_string"}}],"inLanguage":"fr-FR"},{"@type":"Organization","@id":"https:\/\/www.buettenberg.ch\/fr\/#organization","name":"Die Stiftung B\u00fcttenberg","alternateName":"Die Stiftung B\u00fcttenberg","url":"https:\/\/www.buettenberg.ch\/fr\/","logo":{"@type":"ImageObject","inLanguage":"fr-FR","@id":"https:\/\/www.buettenberg.ch\/fr\/#\/schema\/logo\/image\/","url":"https:\/\/www.buettenberg.ch\/wp-content\/uploads\/2025\/01\/buttenberg-logo.svg","contentUrl":"https:\/\/www.buettenberg.ch\/wp-content\/uploads\/2025\/01\/buttenberg-logo.svg","width":172,"height":60,"caption":"Die Stiftung B\u00fcttenberg"},"image":{"@id":"https:\/\/www.buettenberg.ch\/fr\/#\/schema\/logo\/image\/"}}]}},"_links":{"self":[{"href":"https:\/\/www.buettenberg.ch\/fr\/wp-json\/wp\/v2\/product\/7944","targetHints":{"allow":["GET"]}}],"collection":[{"href":"https:\/\/www.buettenberg.ch\/fr\/wp-json\/wp\/v2\/product"}],"about":[{"href":"https:\/\/www.buettenberg.ch\/fr\/wp-json\/wp\/v2\/types\/product"}],"wp:featuredmedia":[{"embeddable":true,"href":"https:\/\/www.buettenberg.ch\/fr\/wp-json\/wp\/v2\/media\/6641"}],"wp:attachment":[{"href":"https:\/\/www.buettenberg.ch\/fr\/wp-json\/wp\/v2\/media?parent=7944"}],"wp:term":[{"taxonomy":"product_brand","embeddable":true,"href":"https:\/\/www.buettenberg.ch\/fr\/wp-json\/wp\/v2\/product_brand?post=7944"},{"taxonomy":"product_cat","embeddable":true,"href":"https:\/\/www.buettenberg.ch\/fr\/wp-json\/wp\/v2\/product_cat?post=7944"},{"taxonomy":"product_tag","embeddable":true,"href":"https:\/\/www.buettenberg.ch\/fr\/wp-json\/wp\/v2\/product_tag?post=7944"}],"curies":[{"name":"wp","href":"https:\/\/api.w.org\/{rel}","templated":true}]}}

Amandes grillées au goût piquant d&rsquo;ajvar 150 g

<p><strong>Amandes grillées au goût piquant d&rsquo;ajvar 150 g</strong></p>
<p><strong>Ingrédients</strong>:<br />
Amandes grillées, ajvar (poivrons rouges, aubergines, huile de tournesol, vinaigre d&rsquo;alcool, concentré de tomates), sel, épices (<strong>céleri</strong>), ail, paprika en poudre, amidon de maïs.</p>
<p><strong>Conservation :</strong><br />
conserver dans un endroit frais et sec. À consommer dans les 14 jours suivant l&rsquo;ouverture.</p>
<p><strong>Valeurs nutritionnelles pour 100 g</strong> : Énergie 2450 kJ (584 kcal), lipides 48,5 g, glucides 5,7 g, protéines 24,8 g, sel 2,3 g</p>
<p>Fabriqué avec amour et passion à Büttenberg.</p>

<p>Amandes grillées au goût piquant d&rsquo;ajvar 150 g<br />Une bouchée piquante parfaite pour l&rsquo;apéro.<b></b></p>
<p><b> </b></p>

<!-- This site is optimized with the Yoast SEO plugin v27.4 - https://yoast.com/product/yoast-seo-wordpress/ -->
<title>Amandes grillées au goût piquant d&#039;ajvar 150 g | Die Stiftung Büttenberg</title>
<meta name="description" content="Amandes grillées au goût piquant d&#039;ajvar 150 gUne bouchée piquante parfaite pour l&#039;apéro." />
<meta name="robots" content="index, follow, max-snippet:-1, max-image-preview:large, max-video-preview:-1" />
<link rel="canonical" href="https://www.buettenberg.ch/fr/produit/amandes-grillees-au-gout-piquant-dajvar-150-g/" />
<meta property="og:locale" content="fr_FR" />
<meta property="og:type" content="article" />
<meta property="og:title" content="Amandes grillées au goût piquant d&#039;ajvar 150 g | Die Stiftung Büttenberg" />
<meta property="og:description" content="Amandes grillées au goût piquant d&#039;ajvar 150 gUne bouchée piquante parfaite pour l&#039;apéro." />
<meta property="og:url" content="https://www.buettenberg.ch/fr/produit/amandes-grillees-au-gout-piquant-dajvar-150-g/" />
<meta property="og:site_name" content="Die Stiftung Büttenberg" />
<meta property="og:image" content="https://www.buettenberg.ch/wp-content/uploads/2025/05/Mandeln-scaled-e1763548041683.jpg" />
	<meta property="og:image:width" content="2350" />
	<meta property="og:image:height" content="1707" />
	<meta property="og:image:type" content="image/jpeg" />
<meta name="twitter:card" content="summary_large_image" />
<script type="application/ld+json" class="yoast-schema-graph">{"@context":"https:\/\/schema.org","@graph":[{"@type":"WebPage","@id":"https:\/\/www.buettenberg.ch\/fr\/produit\/amandes-grillees-au-gout-piquant-dajvar-150-g\/","url":"https:\/\/www.buettenberg.ch\/fr\/produit\/amandes-grillees-au-gout-piquant-dajvar-150-g\/","name":"Amandes grillées au goût piquant d'ajvar 150 g | Die Stiftung Büttenberg","isPartOf":{"@id":"https:\/\/www.buettenberg.ch\/fr\/#website"},"primaryImageOfPage":{"@id":"https:\/\/www.buettenberg.ch\/fr\/produit\/amandes-grillees-au-gout-piquant-dajvar-150-g\/#primaryimage"},"image":{"@id":"https:\/\/www.buettenberg.ch\/fr\/produit\/amandes-grillees-au-gout-piquant-dajvar-150-g\/#primaryimage"},"thumbnailUrl":"https:\/\/www.buettenberg.ch\/wp-content\/uploads\/2025\/05\/Mandeln-scaled-e1763548041683.jpg","datePublished":"2025-05-15T13:02:43+00:00","description":"Amandes grillées au goût piquant d'ajvar 150 gUne bouchée piquante parfaite pour l'apéro.","breadcrumb":{"@id":"https:\/\/www.buettenberg.ch\/fr\/produit\/amandes-grillees-au-gout-piquant-dajvar-150-g\/#breadcrumb"},"inLanguage":"fr-FR","potentialAction":[{"@type":"ReadAction","target":["https:\/\/www.buettenberg.ch\/fr\/produit\/amandes-grillees-au-gout-piquant-dajvar-150-g\/"]}]},{"@type":"ImageObject","inLanguage":"fr-FR","@id":"https:\/\/www.buettenberg.ch\/fr\/produit\/amandes-grillees-au-gout-piquant-dajvar-150-g\/#primaryimage","url":"https:\/\/www.buettenberg.ch\/wp-content\/uploads\/2025\/05\/Mandeln-scaled-e1763548041683.jpg","contentUrl":"https:\/\/www.buettenberg.ch\/wp-content\/uploads\/2025\/05\/Mandeln-scaled-e1763548041683.jpg","width":2350,"height":1707},{"@type":"BreadcrumbList","@id":"https:\/\/www.buettenberg.ch\/fr\/produit\/amandes-grillees-au-gout-piquant-dajvar-150-g\/#breadcrumb","itemListElement":[{"@type":"ListItem","position":1,"name":"Home","item":"https:\/\/www.buettenberg.ch\/fr\/accueil\/"},{"@type":"ListItem","position":2,"name":"Boutique","item":"https:\/\/www.buettenberg.ch\/fr\/boutique\/"},{"@type":"ListItem","position":3,"name":"Amandes grillées au goût piquant d&#8217;ajvar 150 g"}]},{"@type":"WebSite","@id":"https:\/\/www.buettenberg.ch\/fr\/#website","url":"https:\/\/www.buettenberg.ch\/fr\/","name":"Die Stiftung Büttenberg","description":"Ein Ort der Begegnungen und Geborgenheit.","publisher":{"@id":"https:\/\/www.buettenberg.ch\/fr\/#organization"},"alternateName":"Die Stiftung Büttenberg","potentialAction":[{"@type":"SearchAction","target":{"@type":"EntryPoint","urlTemplate":"https:\/\/www.buettenberg.ch\/fr\/?s={search_term_string}"},"query-input":{"@type":"PropertyValueSpecification","valueRequired":true,"valueName":"search_term_string"}}],"inLanguage":"fr-FR"},{"@type":"Organization","@id":"https:\/\/www.buettenberg.ch\/fr\/#organization","name":"Die Stiftung Büttenberg","alternateName":"Die Stiftung Büttenberg","url":"https:\/\/www.buettenberg.ch\/fr\/","logo":{"@type":"ImageObject","inLanguage":"fr-FR","@id":"https:\/\/www.buettenberg.ch\/fr\/#\/schema\/logo\/image\/","url":"https:\/\/www.buettenberg.ch\/wp-content\/uploads\/2025\/01\/buttenberg-logo.svg","contentUrl":"https:\/\/www.buettenberg.ch\/wp-content\/uploads\/2025\/01\/buttenberg-logo.svg","width":172,"height":60,"caption":"Die Stiftung Büttenberg"},"image":{"@id":"https:\/\/www.buettenberg.ch\/fr\/#\/schema\/logo\/image\/"}}]}</script>
<!-- / Yoast SEO plugin. -->

Amandes grillées au goût piquant d'ajvar 150 g | Die Stiftung Büttenberg

Amandes grillées au goût piquant d'ajvar 150 gUne bouchée piquante parfaite pour l'apéro.

Die Stiftung Büttenberg

Amandes grillées au goût piquant d&#8217;ajvar 150 g
