{"id":7945,"date":"2025-05-15T13:59:46","date_gmt":"2025-05-15T12:59:46","guid":{"rendered":"https:\/\/www.buettenberg.ch\/product\/plateau-de-viande\/"},"modified":"2025-05-15T13:59:46","modified_gmt":"2025-05-15T12:59:46","slug":"plateau-de-viande","status":"publish","type":"product","link":"https:\/\/www.buettenberg.ch\/fr\/produit\/plateau-de-viande\/","title":{"rendered":"Plateau de viande"},"content":{"rendered":"<p>Savoureux. Fait maison. Un vrai plaisir pour les gourmets.  <\/p>\n<p>Un plateau de saison soigneusement compos\u00e9, qui attire non seulement le regard, mais offre aussi une v\u00e9ritable exp\u00e9rience gustative.<\/p>\n<p><span class=\"a_GcMg font-feature-liga-off font-feature-clig-off font-feature-calt-off text-decoration-none text-strikethrough-none\">Conserver au r\u00e9frig\u00e9rateur \u00e0 une temp\u00e9rature maximale de 6 \u00b0C. <\/span><\/p>\n<p>Prix inclus <span class=\"a_GcMg font-feature-liga-off font-feature-clig-off font-feature-calt-off text-decoration-none text-strikethrough-none\">CHF 20.00 de d\u00e9p\u00f4t pour le plateau en bois<\/span><\/p>\n","protected":false},"excerpt":{"rendered":"<p>Plateau de viande<br \/>\n<b>(A emporter)<\/b><\/p>\n<p><strong data-start=\"230\" data-end=\"260\">+20 CHF de caution pour le plateau en bois<\/strong><\/p>\n","protected":false},"featured_media":6648,"template":"","meta":{"_jet_sm_ready_style":"","_jet_sm_style":"","_jet_sm_controls_values":"","_jet_sm_fonts_collection":"","_jet_sm_fonts_links":""},"product_brand":[],"product_cat":[48],"product_tag":[],"class_list":{"0":"post-7945","1":"product","2":"type-product","3":"status-publish","4":"has-post-thumbnail","6":"product_cat-repas","7":"product_shipping_class-retrait-sur-place","9":"first","10":"instock","11":"featured","12":"shipping-taxable","13":"purchasable","14":"product-type-simple"},"yoast_head":"<!-- This site is optimized with the Yoast SEO plugin v27.4 - https:\/\/yoast.com\/product\/yoast-seo-wordpress\/ -->\n<title>Plateau de viande | Die Stiftung B\u00fcttenberg<\/title>\n<meta name=\"description\" content=\"Plateau de viande (A emporter) +20 CHF de caution pour le plateau en bois\" \/>\n<meta name=\"robots\" content=\"index, follow, max-snippet:-1, max-image-preview:large, max-video-preview:-1\" \/>\n<link rel=\"canonical\" href=\"https:\/\/www.buettenberg.ch\/fr\/produit\/plateau-de-viande\/\" \/>\n<meta property=\"og:locale\" content=\"fr_FR\" \/>\n<meta property=\"og:type\" content=\"article\" \/>\n<meta property=\"og:title\" content=\"Plateau de viande | Die Stiftung B\u00fcttenberg\" \/>\n<meta property=\"og:description\" content=\"Plateau de viande (A emporter) +20 CHF de caution pour le plateau en bois\" \/>\n<meta property=\"og:url\" content=\"https:\/\/www.buettenberg.ch\/fr\/produit\/plateau-de-viande\/\" \/>\n<meta property=\"og:site_name\" content=\"Die Stiftung B\u00fcttenberg\" \/>\n<meta property=\"og:image\" content=\"https:\/\/www.buettenberg.ch\/wp-content\/uploads\/2025\/05\/Fleischplatte2-scaled.jpg\" \/>\n\t<meta property=\"og:image:width\" content=\"2560\" \/>\n\t<meta property=\"og:image:height\" content=\"1707\" \/>\n\t<meta property=\"og:image:type\" content=\"image\/jpeg\" \/>\n<meta name=\"twitter:card\" content=\"summary_large_image\" \/>\n<script type=\"application\/ld+json\" class=\"yoast-schema-graph\">{\"@context\":\"https:\\\/\\\/schema.org\",\"@graph\":[{\"@type\":\"WebPage\",\"@id\":\"https:\\\/\\\/www.buettenberg.ch\\\/fr\\\/produit\\\/plateau-de-viande\\\/\",\"url\":\"https:\\\/\\\/www.buettenberg.ch\\\/fr\\\/produit\\\/plateau-de-viande\\\/\",\"name\":\"Plateau de viande | Die Stiftung B\u00fcttenberg\",\"isPartOf\":{\"@id\":\"https:\\\/\\\/www.buettenberg.ch\\\/fr\\\/#website\"},\"primaryImageOfPage\":{\"@id\":\"https:\\\/\\\/www.buettenberg.ch\\\/fr\\\/produit\\\/plateau-de-viande\\\/#primaryimage\"},\"image\":{\"@id\":\"https:\\\/\\\/www.buettenberg.ch\\\/fr\\\/produit\\\/plateau-de-viande\\\/#primaryimage\"},\"thumbnailUrl\":\"https:\\\/\\\/www.buettenberg.ch\\\/wp-content\\\/uploads\\\/2025\\\/05\\\/Fleischplatte2-scaled.jpg\",\"datePublished\":\"2025-05-15T12:59:46+00:00\",\"description\":\"Plateau de viande (A emporter) +20 CHF de caution pour le plateau en bois\",\"breadcrumb\":{\"@id\":\"https:\\\/\\\/www.buettenberg.ch\\\/fr\\\/produit\\\/plateau-de-viande\\\/#breadcrumb\"},\"inLanguage\":\"fr-FR\",\"potentialAction\":[{\"@type\":\"ReadAction\",\"target\":[\"https:\\\/\\\/www.buettenberg.ch\\\/fr\\\/produit\\\/plateau-de-viande\\\/\"]}]},{\"@type\":\"ImageObject\",\"inLanguage\":\"fr-FR\",\"@id\":\"https:\\\/\\\/www.buettenberg.ch\\\/fr\\\/produit\\\/plateau-de-viande\\\/#primaryimage\",\"url\":\"https:\\\/\\\/www.buettenberg.ch\\\/wp-content\\\/uploads\\\/2025\\\/05\\\/Fleischplatte2-scaled.jpg\",\"contentUrl\":\"https:\\\/\\\/www.buettenberg.ch\\\/wp-content\\\/uploads\\\/2025\\\/05\\\/Fleischplatte2-scaled.jpg\",\"width\":2560,\"height\":1707},{\"@type\":\"BreadcrumbList\",\"@id\":\"https:\\\/\\\/www.buettenberg.ch\\\/fr\\\/produit\\\/plateau-de-viande\\\/#breadcrumb\",\"itemListElement\":[{\"@type\":\"ListItem\",\"position\":1,\"name\":\"Home\",\"item\":\"https:\\\/\\\/www.buettenberg.ch\\\/fr\\\/accueil\\\/\"},{\"@type\":\"ListItem\",\"position\":2,\"name\":\"Boutique\",\"item\":\"https:\\\/\\\/www.buettenberg.ch\\\/fr\\\/boutique\\\/\"},{\"@type\":\"ListItem\",\"position\":3,\"name\":\"Plateau de viande\"}]},{\"@type\":\"WebSite\",\"@id\":\"https:\\\/\\\/www.buettenberg.ch\\\/fr\\\/#website\",\"url\":\"https:\\\/\\\/www.buettenberg.ch\\\/fr\\\/\",\"name\":\"Die Stiftung B\u00fcttenberg\",\"description\":\"Ein Ort der Begegnungen und Geborgenheit.\",\"publisher\":{\"@id\":\"https:\\\/\\\/www.buettenberg.ch\\\/fr\\\/#organization\"},\"alternateName\":\"Die Stiftung B\u00fcttenberg\",\"potentialAction\":[{\"@type\":\"SearchAction\",\"target\":{\"@type\":\"EntryPoint\",\"urlTemplate\":\"https:\\\/\\\/www.buettenberg.ch\\\/fr\\\/?s={search_term_string}\"},\"query-input\":{\"@type\":\"PropertyValueSpecification\",\"valueRequired\":true,\"valueName\":\"search_term_string\"}}],\"inLanguage\":\"fr-FR\"},{\"@type\":\"Organization\",\"@id\":\"https:\\\/\\\/www.buettenberg.ch\\\/fr\\\/#organization\",\"name\":\"Die Stiftung B\u00fcttenberg\",\"alternateName\":\"Die Stiftung B\u00fcttenberg\",\"url\":\"https:\\\/\\\/www.buettenberg.ch\\\/fr\\\/\",\"logo\":{\"@type\":\"ImageObject\",\"inLanguage\":\"fr-FR\",\"@id\":\"https:\\\/\\\/www.buettenberg.ch\\\/fr\\\/#\\\/schema\\\/logo\\\/image\\\/\",\"url\":\"https:\\\/\\\/www.buettenberg.ch\\\/wp-content\\\/uploads\\\/2025\\\/01\\\/buttenberg-logo.svg\",\"contentUrl\":\"https:\\\/\\\/www.buettenberg.ch\\\/wp-content\\\/uploads\\\/2025\\\/01\\\/buttenberg-logo.svg\",\"width\":172,\"height\":60,\"caption\":\"Die Stiftung B\u00fcttenberg\"},\"image\":{\"@id\":\"https:\\\/\\\/www.buettenberg.ch\\\/fr\\\/#\\\/schema\\\/logo\\\/image\\\/\"}}]}<\/script>\n<!-- \/ Yoast SEO plugin. -->","yoast_head_json":{"title":"Plateau de viande | Die Stiftung B\u00fcttenberg","description":"Plateau de viande (A emporter) +20 CHF de caution pour le plateau en bois","robots":{"index":"index","follow":"follow","max-snippet":"max-snippet:-1","max-image-preview":"max-image-preview:large","max-video-preview":"max-video-preview:-1"},"canonical":"https:\/\/www.buettenberg.ch\/fr\/produit\/plateau-de-viande\/","og_locale":"fr_FR","og_type":"article","og_title":"Plateau de viande | Die Stiftung B\u00fcttenberg","og_description":"Plateau de viande (A emporter) +20 CHF de caution pour le plateau en bois","og_url":"https:\/\/www.buettenberg.ch\/fr\/produit\/plateau-de-viande\/","og_site_name":"Die Stiftung B\u00fcttenberg","og_image":[{"width":2560,"height":1707,"url":"https:\/\/www.buettenberg.ch\/wp-content\/uploads\/2025\/05\/Fleischplatte2-scaled.jpg","type":"image\/jpeg"}],"twitter_card":"summary_large_image","schema":{"@context":"https:\/\/schema.org","@graph":[{"@type":"WebPage","@id":"https:\/\/www.buettenberg.ch\/fr\/produit\/plateau-de-viande\/","url":"https:\/\/www.buettenberg.ch\/fr\/produit\/plateau-de-viande\/","name":"Plateau de viande | Die Stiftung B\u00fcttenberg","isPartOf":{"@id":"https:\/\/www.buettenberg.ch\/fr\/#website"},"primaryImageOfPage":{"@id":"https:\/\/www.buettenberg.ch\/fr\/produit\/plateau-de-viande\/#primaryimage"},"image":{"@id":"https:\/\/www.buettenberg.ch\/fr\/produit\/plateau-de-viande\/#primaryimage"},"thumbnailUrl":"https:\/\/www.buettenberg.ch\/wp-content\/uploads\/2025\/05\/Fleischplatte2-scaled.jpg","datePublished":"2025-05-15T12:59:46+00:00","description":"Plateau de viande (A emporter) +20 CHF de caution pour le plateau en bois","breadcrumb":{"@id":"https:\/\/www.buettenberg.ch\/fr\/produit\/plateau-de-viande\/#breadcrumb"},"inLanguage":"fr-FR","potentialAction":[{"@type":"ReadAction","target":["https:\/\/www.buettenberg.ch\/fr\/produit\/plateau-de-viande\/"]}]},{"@type":"ImageObject","inLanguage":"fr-FR","@id":"https:\/\/www.buettenberg.ch\/fr\/produit\/plateau-de-viande\/#primaryimage","url":"https:\/\/www.buettenberg.ch\/wp-content\/uploads\/2025\/05\/Fleischplatte2-scaled.jpg","contentUrl":"https:\/\/www.buettenberg.ch\/wp-content\/uploads\/2025\/05\/Fleischplatte2-scaled.jpg","width":2560,"height":1707},{"@type":"BreadcrumbList","@id":"https:\/\/www.buettenberg.ch\/fr\/produit\/plateau-de-viande\/#breadcrumb","itemListElement":[{"@type":"ListItem","position":1,"name":"Home","item":"https:\/\/www.buettenberg.ch\/fr\/accueil\/"},{"@type":"ListItem","position":2,"name":"Boutique","item":"https:\/\/www.buettenberg.ch\/fr\/boutique\/"},{"@type":"ListItem","position":3,"name":"Plateau de viande"}]},{"@type":"WebSite","@id":"https:\/\/www.buettenberg.ch\/fr\/#website","url":"https:\/\/www.buettenberg.ch\/fr\/","name":"Die Stiftung B\u00fcttenberg","description":"Ein Ort der Begegnungen und Geborgenheit.","publisher":{"@id":"https:\/\/www.buettenberg.ch\/fr\/#organization"},"alternateName":"Die Stiftung B\u00fcttenberg","potentialAction":[{"@type":"SearchAction","target":{"@type":"EntryPoint","urlTemplate":"https:\/\/www.buettenberg.ch\/fr\/?s={search_term_string}"},"query-input":{"@type":"PropertyValueSpecification","valueRequired":true,"valueName":"search_term_string"}}],"inLanguage":"fr-FR"},{"@type":"Organization","@id":"https:\/\/www.buettenberg.ch\/fr\/#organization","name":"Die Stiftung B\u00fcttenberg","alternateName":"Die Stiftung B\u00fcttenberg","url":"https:\/\/www.buettenberg.ch\/fr\/","logo":{"@type":"ImageObject","inLanguage":"fr-FR","@id":"https:\/\/www.buettenberg.ch\/fr\/#\/schema\/logo\/image\/","url":"https:\/\/www.buettenberg.ch\/wp-content\/uploads\/2025\/01\/buttenberg-logo.svg","contentUrl":"https:\/\/www.buettenberg.ch\/wp-content\/uploads\/2025\/01\/buttenberg-logo.svg","width":172,"height":60,"caption":"Die Stiftung B\u00fcttenberg"},"image":{"@id":"https:\/\/www.buettenberg.ch\/fr\/#\/schema\/logo\/image\/"}}]}},"_links":{"self":[{"href":"https:\/\/www.buettenberg.ch\/fr\/wp-json\/wp\/v2\/product\/7945","targetHints":{"allow":["GET"]}}],"collection":[{"href":"https:\/\/www.buettenberg.ch\/fr\/wp-json\/wp\/v2\/product"}],"about":[{"href":"https:\/\/www.buettenberg.ch\/fr\/wp-json\/wp\/v2\/types\/product"}],"wp:featuredmedia":[{"embeddable":true,"href":"https:\/\/www.buettenberg.ch\/fr\/wp-json\/wp\/v2\/media\/6648"}],"wp:attachment":[{"href":"https:\/\/www.buettenberg.ch\/fr\/wp-json\/wp\/v2\/media?parent=7945"}],"wp:term":[{"taxonomy":"product_brand","embeddable":true,"href":"https:\/\/www.buettenberg.ch\/fr\/wp-json\/wp\/v2\/product_brand?post=7945"},{"taxonomy":"product_cat","embeddable":true,"href":"https:\/\/www.buettenberg.ch\/fr\/wp-json\/wp\/v2\/product_cat?post=7945"},{"taxonomy":"product_tag","embeddable":true,"href":"https:\/\/www.buettenberg.ch\/fr\/wp-json\/wp\/v2\/product_tag?post=7945"}],"curies":[{"name":"wp","href":"https:\/\/api.w.org\/{rel}","templated":true}]}}

<p>Savoureux. Fait maison. Un vrai plaisir pour les gourmets.  </p>
<p>Un plateau de saison soigneusement composé, qui attire non seulement le regard, mais offre aussi une véritable expérience gustative.</p>
<p><span class="a_GcMg font-feature-liga-off font-feature-clig-off font-feature-calt-off text-decoration-none text-strikethrough-none">Conserver au réfrigérateur à une température maximale de 6 °C. </span></p>
<p>Prix inclus <span class="a_GcMg font-feature-liga-off font-feature-clig-off font-feature-calt-off text-decoration-none text-strikethrough-none">CHF 20.00 de dépôt pour le plateau en bois</span></p>

<!-- This site is optimized with the Yoast SEO plugin v27.4 - https://yoast.com/product/yoast-seo-wordpress/ -->
<title>Plateau de viande | Die Stiftung Büttenberg</title>
<meta name="description" content="Plateau de viande (A emporter) +20 CHF de caution pour le plateau en bois" />
<meta name="robots" content="index, follow, max-snippet:-1, max-image-preview:large, max-video-preview:-1" />
<link rel="canonical" href="https://www.buettenberg.ch/fr/produit/plateau-de-viande/" />
<meta property="og:locale" content="fr_FR" />
<meta property="og:type" content="article" />
<meta property="og:title" content="Plateau de viande | Die Stiftung Büttenberg" />
<meta property="og:description" content="Plateau de viande (A emporter) +20 CHF de caution pour le plateau en bois" />
<meta property="og:url" content="https://www.buettenberg.ch/fr/produit/plateau-de-viande/" />
<meta property="og:site_name" content="Die Stiftung Büttenberg" />
<meta property="og:image" content="https://www.buettenberg.ch/wp-content/uploads/2025/05/Fleischplatte2-scaled.jpg" />
	<meta property="og:image:width" content="2560" />
	<meta property="og:image:height" content="1707" />
	<meta property="og:image:type" content="image/jpeg" />
<meta name="twitter:card" content="summary_large_image" />
<script type="application/ld+json" class="yoast-schema-graph">{"@context":"https:\/\/schema.org","@graph":[{"@type":"WebPage","@id":"https:\/\/www.buettenberg.ch\/fr\/produit\/plateau-de-viande\/","url":"https:\/\/www.buettenberg.ch\/fr\/produit\/plateau-de-viande\/","name":"Plateau de viande | Die Stiftung Büttenberg","isPartOf":{"@id":"https:\/\/www.buettenberg.ch\/fr\/#website"},"primaryImageOfPage":{"@id":"https:\/\/www.buettenberg.ch\/fr\/produit\/plateau-de-viande\/#primaryimage"},"image":{"@id":"https:\/\/www.buettenberg.ch\/fr\/produit\/plateau-de-viande\/#primaryimage"},"thumbnailUrl":"https:\/\/www.buettenberg.ch\/wp-content\/uploads\/2025\/05\/Fleischplatte2-scaled.jpg","datePublished":"2025-05-15T12:59:46+00:00","description":"Plateau de viande (A emporter) +20 CHF de caution pour le plateau en bois","breadcrumb":{"@id":"https:\/\/www.buettenberg.ch\/fr\/produit\/plateau-de-viande\/#breadcrumb"},"inLanguage":"fr-FR","potentialAction":[{"@type":"ReadAction","target":["https:\/\/www.buettenberg.ch\/fr\/produit\/plateau-de-viande\/"]}]},{"@type":"ImageObject","inLanguage":"fr-FR","@id":"https:\/\/www.buettenberg.ch\/fr\/produit\/plateau-de-viande\/#primaryimage","url":"https:\/\/www.buettenberg.ch\/wp-content\/uploads\/2025\/05\/Fleischplatte2-scaled.jpg","contentUrl":"https:\/\/www.buettenberg.ch\/wp-content\/uploads\/2025\/05\/Fleischplatte2-scaled.jpg","width":2560,"height":1707},{"@type":"BreadcrumbList","@id":"https:\/\/www.buettenberg.ch\/fr\/produit\/plateau-de-viande\/#breadcrumb","itemListElement":[{"@type":"ListItem","position":1,"name":"Home","item":"https:\/\/www.buettenberg.ch\/fr\/accueil\/"},{"@type":"ListItem","position":2,"name":"Boutique","item":"https:\/\/www.buettenberg.ch\/fr\/boutique\/"},{"@type":"ListItem","position":3,"name":"Plateau de viande"}]},{"@type":"WebSite","@id":"https:\/\/www.buettenberg.ch\/fr\/#website","url":"https:\/\/www.buettenberg.ch\/fr\/","name":"Die Stiftung Büttenberg","description":"Ein Ort der Begegnungen und Geborgenheit.","publisher":{"@id":"https:\/\/www.buettenberg.ch\/fr\/#organization"},"alternateName":"Die Stiftung Büttenberg","potentialAction":[{"@type":"SearchAction","target":{"@type":"EntryPoint","urlTemplate":"https:\/\/www.buettenberg.ch\/fr\/?s={search_term_string}"},"query-input":{"@type":"PropertyValueSpecification","valueRequired":true,"valueName":"search_term_string"}}],"inLanguage":"fr-FR"},{"@type":"Organization","@id":"https:\/\/www.buettenberg.ch\/fr\/#organization","name":"Die Stiftung Büttenberg","alternateName":"Die Stiftung Büttenberg","url":"https:\/\/www.buettenberg.ch\/fr\/","logo":{"@type":"ImageObject","inLanguage":"fr-FR","@id":"https:\/\/www.buettenberg.ch\/fr\/#\/schema\/logo\/image\/","url":"https:\/\/www.buettenberg.ch\/wp-content\/uploads\/2025\/01\/buttenberg-logo.svg","contentUrl":"https:\/\/www.buettenberg.ch\/wp-content\/uploads\/2025\/01\/buttenberg-logo.svg","width":172,"height":60,"caption":"Die Stiftung Büttenberg"},"image":{"@id":"https:\/\/www.buettenberg.ch\/fr\/#\/schema\/logo\/image\/"}}]}</script>
<!-- / Yoast SEO plugin. -->

Plateau de viande | Die Stiftung Büttenberg

Die Stiftung Büttenberg
