{"id":7988,"date":"2025-05-15T13:40:01","date_gmt":"2025-05-15T12:40:01","guid":{"rendered":"https:\/\/www.buettenberg.ch\/product\/buettenberger-bianco-0-5l\/"},"modified":"2025-05-15T13:40:01","modified_gmt":"2025-05-15T12:40:01","slug":"buettenberger-bianco-0-5l","status":"publish","type":"product","link":"https:\/\/www.buettenberg.ch\/fr\/produit\/buettenberger-bianco-0-5l\/","title":{"rendered":"B\u00fcttenberger Bianco &#8211; 0.5l"},"content":{"rendered":"<p><strong>Sauce \u00e0 salade fran\u00e7aise<\/strong><\/p>\n<p>Ingr\u00e9dients :<br \/>\nhuile de colza, vinaigre de vin blanc, <strong>jaune d\u2019\u0153uf <\/strong>pasteuris\u00e9, sel, <strong>moutarde<\/strong>, oignons, bouillon, ail, sauce Worcestershire, m\u00e9lange d\u2019\u00e9pices (avec exhausteur de go\u00fbt glutamate monosodique \u00e0 base de <strong>bl\u00e9<\/strong>), herbes (avec <strong>c\u00e9leri<\/strong>)<\/p>\n<p><strong>Conservation :<\/strong><br \/>\n\u00e0 conserver au frais \u00e0 une temp\u00e9rature maximale de 6 \u00b0C. Apr\u00e8s ouverture, consommer dans les 2 semaines.   <\/p>\n<p><strong>Valeurs nutritionnelles pour 100 g :<\/strong><br \/>\n\u00c9nergie 1647 kJ (393 kcal), lipides 43,0 g, glucides 0,42 g, sucres 0,28 g, prot\u00e9ines 1,60 g, sel 1,70 g.<\/p>\n<p>Fabriqu\u00e9 avec passion et amour au B\u00fcttenberg (Biel\/Bienne)<\/p>\n","protected":false},"excerpt":{"rendered":"<p>Sauce \u00e0 salade fran\u00e7aise 0,5 l <br \/>(\u00e0 retirer sur place)<br \/>Une r\u00e9volution pour vos salades.<\/p>\n","protected":false},"featured_media":4670,"template":"","meta":{"_jet_sm_ready_style":"","_jet_sm_style":"","_jet_sm_controls_values":"","_jet_sm_fonts_collection":"","_jet_sm_fonts_links":""},"product_brand":[],"product_cat":[48],"product_tag":[],"class_list":{"0":"post-7988","1":"product","2":"type-product","3":"status-publish","4":"has-post-thumbnail","6":"product_cat-repas","7":"product_shipping_class-retrait-sur-place","9":"first","10":"instock","11":"featured","12":"shipping-taxable","13":"purchasable","14":"product-type-simple"},"yoast_head":"<!-- This site is optimized with the Yoast SEO plugin v27.4 - https:\/\/yoast.com\/product\/yoast-seo-wordpress\/ -->\n<title>B\u00fcttenberger Bianco - 0.5l | Die Stiftung B\u00fcttenberg<\/title>\n<meta name=\"description\" content=\"Sauce \u00e0 salade fran\u00e7aise 0,5 l (\u00e0 retirer sur place)Une r\u00e9volution pour vos salades.\" \/>\n<meta name=\"robots\" content=\"index, follow, max-snippet:-1, max-image-preview:large, max-video-preview:-1\" \/>\n<link rel=\"canonical\" href=\"https:\/\/www.buettenberg.ch\/fr\/produit\/buettenberger-bianco-0-5l\/\" \/>\n<meta property=\"og:locale\" content=\"fr_FR\" \/>\n<meta property=\"og:type\" content=\"article\" \/>\n<meta property=\"og:title\" content=\"B\u00fcttenberger Bianco - 0.5l | Die Stiftung B\u00fcttenberg\" \/>\n<meta property=\"og:description\" content=\"Sauce \u00e0 salade fran\u00e7aise 0,5 l (\u00e0 retirer sur place)Une r\u00e9volution pour vos salades.\" \/>\n<meta property=\"og:url\" content=\"https:\/\/www.buettenberg.ch\/fr\/produit\/buettenberger-bianco-0-5l\/\" \/>\n<meta property=\"og:site_name\" content=\"Die Stiftung B\u00fcttenberg\" \/>\n<meta property=\"og:image\" content=\"https:\/\/www.buettenberg.ch\/wp-content\/uploads\/2025\/06\/Buettenberg_Fran-scaled.webp\" \/>\n\t<meta property=\"og:image:width\" content=\"2560\" \/>\n\t<meta property=\"og:image:height\" content=\"1707\" \/>\n\t<meta property=\"og:image:type\" content=\"image\/webp\" \/>\n<meta name=\"twitter:card\" content=\"summary_large_image\" \/>\n<script type=\"application\/ld+json\" class=\"yoast-schema-graph\">{\"@context\":\"https:\\\/\\\/schema.org\",\"@graph\":[{\"@type\":\"WebPage\",\"@id\":\"https:\\\/\\\/www.buettenberg.ch\\\/fr\\\/produit\\\/buettenberger-bianco-0-5l\\\/\",\"url\":\"https:\\\/\\\/www.buettenberg.ch\\\/fr\\\/produit\\\/buettenberger-bianco-0-5l\\\/\",\"name\":\"B\u00fcttenberger Bianco - 0.5l | Die Stiftung B\u00fcttenberg\",\"isPartOf\":{\"@id\":\"https:\\\/\\\/www.buettenberg.ch\\\/fr\\\/#website\"},\"primaryImageOfPage\":{\"@id\":\"https:\\\/\\\/www.buettenberg.ch\\\/fr\\\/produit\\\/buettenberger-bianco-0-5l\\\/#primaryimage\"},\"image\":{\"@id\":\"https:\\\/\\\/www.buettenberg.ch\\\/fr\\\/produit\\\/buettenberger-bianco-0-5l\\\/#primaryimage\"},\"thumbnailUrl\":\"https:\\\/\\\/www.buettenberg.ch\\\/wp-content\\\/uploads\\\/2025\\\/06\\\/Buettenberg_Fran-scaled.webp\",\"datePublished\":\"2025-05-15T12:40:01+00:00\",\"description\":\"Sauce \u00e0 salade fran\u00e7aise 0,5 l (\u00e0 retirer sur place)Une r\u00e9volution pour vos salades.\",\"breadcrumb\":{\"@id\":\"https:\\\/\\\/www.buettenberg.ch\\\/fr\\\/produit\\\/buettenberger-bianco-0-5l\\\/#breadcrumb\"},\"inLanguage\":\"fr-FR\",\"potentialAction\":[{\"@type\":\"ReadAction\",\"target\":[\"https:\\\/\\\/www.buettenberg.ch\\\/fr\\\/produit\\\/buettenberger-bianco-0-5l\\\/\"]}]},{\"@type\":\"ImageObject\",\"inLanguage\":\"fr-FR\",\"@id\":\"https:\\\/\\\/www.buettenberg.ch\\\/fr\\\/produit\\\/buettenberger-bianco-0-5l\\\/#primaryimage\",\"url\":\"https:\\\/\\\/www.buettenberg.ch\\\/wp-content\\\/uploads\\\/2025\\\/06\\\/Buettenberg_Fran-scaled.webp\",\"contentUrl\":\"https:\\\/\\\/www.buettenberg.ch\\\/wp-content\\\/uploads\\\/2025\\\/06\\\/Buettenberg_Fran-scaled.webp\",\"width\":2560,\"height\":1707},{\"@type\":\"BreadcrumbList\",\"@id\":\"https:\\\/\\\/www.buettenberg.ch\\\/fr\\\/produit\\\/buettenberger-bianco-0-5l\\\/#breadcrumb\",\"itemListElement\":[{\"@type\":\"ListItem\",\"position\":1,\"name\":\"Home\",\"item\":\"https:\\\/\\\/www.buettenberg.ch\\\/fr\\\/accueil\\\/\"},{\"@type\":\"ListItem\",\"position\":2,\"name\":\"Boutique\",\"item\":\"https:\\\/\\\/www.buettenberg.ch\\\/fr\\\/boutique\\\/\"},{\"@type\":\"ListItem\",\"position\":3,\"name\":\"B\u00fcttenberger Bianco &#8211; 0.5l\"}]},{\"@type\":\"WebSite\",\"@id\":\"https:\\\/\\\/www.buettenberg.ch\\\/fr\\\/#website\",\"url\":\"https:\\\/\\\/www.buettenberg.ch\\\/fr\\\/\",\"name\":\"Die Stiftung B\u00fcttenberg\",\"description\":\"Ein Ort der Begegnungen und Geborgenheit.\",\"publisher\":{\"@id\":\"https:\\\/\\\/www.buettenberg.ch\\\/fr\\\/#organization\"},\"alternateName\":\"Die Stiftung B\u00fcttenberg\",\"potentialAction\":[{\"@type\":\"SearchAction\",\"target\":{\"@type\":\"EntryPoint\",\"urlTemplate\":\"https:\\\/\\\/www.buettenberg.ch\\\/fr\\\/?s={search_term_string}\"},\"query-input\":{\"@type\":\"PropertyValueSpecification\",\"valueRequired\":true,\"valueName\":\"search_term_string\"}}],\"inLanguage\":\"fr-FR\"},{\"@type\":\"Organization\",\"@id\":\"https:\\\/\\\/www.buettenberg.ch\\\/fr\\\/#organization\",\"name\":\"Die Stiftung B\u00fcttenberg\",\"alternateName\":\"Die Stiftung B\u00fcttenberg\",\"url\":\"https:\\\/\\\/www.buettenberg.ch\\\/fr\\\/\",\"logo\":{\"@type\":\"ImageObject\",\"inLanguage\":\"fr-FR\",\"@id\":\"https:\\\/\\\/www.buettenberg.ch\\\/fr\\\/#\\\/schema\\\/logo\\\/image\\\/\",\"url\":\"https:\\\/\\\/www.buettenberg.ch\\\/wp-content\\\/uploads\\\/2025\\\/01\\\/buttenberg-logo.svg\",\"contentUrl\":\"https:\\\/\\\/www.buettenberg.ch\\\/wp-content\\\/uploads\\\/2025\\\/01\\\/buttenberg-logo.svg\",\"width\":172,\"height\":60,\"caption\":\"Die Stiftung B\u00fcttenberg\"},\"image\":{\"@id\":\"https:\\\/\\\/www.buettenberg.ch\\\/fr\\\/#\\\/schema\\\/logo\\\/image\\\/\"}}]}<\/script>\n<!-- \/ Yoast SEO plugin. -->","yoast_head_json":{"title":"B\u00fcttenberger Bianco - 0.5l | Die Stiftung B\u00fcttenberg","description":"Sauce \u00e0 salade fran\u00e7aise 0,5 l (\u00e0 retirer sur place)Une r\u00e9volution pour vos salades.","robots":{"index":"index","follow":"follow","max-snippet":"max-snippet:-1","max-image-preview":"max-image-preview:large","max-video-preview":"max-video-preview:-1"},"canonical":"https:\/\/www.buettenberg.ch\/fr\/produit\/buettenberger-bianco-0-5l\/","og_locale":"fr_FR","og_type":"article","og_title":"B\u00fcttenberger Bianco - 0.5l | Die Stiftung B\u00fcttenberg","og_description":"Sauce \u00e0 salade fran\u00e7aise 0,5 l (\u00e0 retirer sur place)Une r\u00e9volution pour vos salades.","og_url":"https:\/\/www.buettenberg.ch\/fr\/produit\/buettenberger-bianco-0-5l\/","og_site_name":"Die Stiftung B\u00fcttenberg","og_image":[{"width":2560,"height":1707,"url":"https:\/\/www.buettenberg.ch\/wp-content\/uploads\/2025\/06\/Buettenberg_Fran-scaled.webp","type":"image\/webp"}],"twitter_card":"summary_large_image","schema":{"@context":"https:\/\/schema.org","@graph":[{"@type":"WebPage","@id":"https:\/\/www.buettenberg.ch\/fr\/produit\/buettenberger-bianco-0-5l\/","url":"https:\/\/www.buettenberg.ch\/fr\/produit\/buettenberger-bianco-0-5l\/","name":"B\u00fcttenberger Bianco - 0.5l | Die Stiftung B\u00fcttenberg","isPartOf":{"@id":"https:\/\/www.buettenberg.ch\/fr\/#website"},"primaryImageOfPage":{"@id":"https:\/\/www.buettenberg.ch\/fr\/produit\/buettenberger-bianco-0-5l\/#primaryimage"},"image":{"@id":"https:\/\/www.buettenberg.ch\/fr\/produit\/buettenberger-bianco-0-5l\/#primaryimage"},"thumbnailUrl":"https:\/\/www.buettenberg.ch\/wp-content\/uploads\/2025\/06\/Buettenberg_Fran-scaled.webp","datePublished":"2025-05-15T12:40:01+00:00","description":"Sauce \u00e0 salade fran\u00e7aise 0,5 l (\u00e0 retirer sur place)Une r\u00e9volution pour vos salades.","breadcrumb":{"@id":"https:\/\/www.buettenberg.ch\/fr\/produit\/buettenberger-bianco-0-5l\/#breadcrumb"},"inLanguage":"fr-FR","potentialAction":[{"@type":"ReadAction","target":["https:\/\/www.buettenberg.ch\/fr\/produit\/buettenberger-bianco-0-5l\/"]}]},{"@type":"ImageObject","inLanguage":"fr-FR","@id":"https:\/\/www.buettenberg.ch\/fr\/produit\/buettenberger-bianco-0-5l\/#primaryimage","url":"https:\/\/www.buettenberg.ch\/wp-content\/uploads\/2025\/06\/Buettenberg_Fran-scaled.webp","contentUrl":"https:\/\/www.buettenberg.ch\/wp-content\/uploads\/2025\/06\/Buettenberg_Fran-scaled.webp","width":2560,"height":1707},{"@type":"BreadcrumbList","@id":"https:\/\/www.buettenberg.ch\/fr\/produit\/buettenberger-bianco-0-5l\/#breadcrumb","itemListElement":[{"@type":"ListItem","position":1,"name":"Home","item":"https:\/\/www.buettenberg.ch\/fr\/accueil\/"},{"@type":"ListItem","position":2,"name":"Boutique","item":"https:\/\/www.buettenberg.ch\/fr\/boutique\/"},{"@type":"ListItem","position":3,"name":"B\u00fcttenberger Bianco &#8211; 0.5l"}]},{"@type":"WebSite","@id":"https:\/\/www.buettenberg.ch\/fr\/#website","url":"https:\/\/www.buettenberg.ch\/fr\/","name":"Die Stiftung B\u00fcttenberg","description":"Ein Ort der Begegnungen und Geborgenheit.","publisher":{"@id":"https:\/\/www.buettenberg.ch\/fr\/#organization"},"alternateName":"Die Stiftung B\u00fcttenberg","potentialAction":[{"@type":"SearchAction","target":{"@type":"EntryPoint","urlTemplate":"https:\/\/www.buettenberg.ch\/fr\/?s={search_term_string}"},"query-input":{"@type":"PropertyValueSpecification","valueRequired":true,"valueName":"search_term_string"}}],"inLanguage":"fr-FR"},{"@type":"Organization","@id":"https:\/\/www.buettenberg.ch\/fr\/#organization","name":"Die Stiftung B\u00fcttenberg","alternateName":"Die Stiftung B\u00fcttenberg","url":"https:\/\/www.buettenberg.ch\/fr\/","logo":{"@type":"ImageObject","inLanguage":"fr-FR","@id":"https:\/\/www.buettenberg.ch\/fr\/#\/schema\/logo\/image\/","url":"https:\/\/www.buettenberg.ch\/wp-content\/uploads\/2025\/01\/buttenberg-logo.svg","contentUrl":"https:\/\/www.buettenberg.ch\/wp-content\/uploads\/2025\/01\/buttenberg-logo.svg","width":172,"height":60,"caption":"Die Stiftung B\u00fcttenberg"},"image":{"@id":"https:\/\/www.buettenberg.ch\/fr\/#\/schema\/logo\/image\/"}}]}},"_links":{"self":[{"href":"https:\/\/www.buettenberg.ch\/fr\/wp-json\/wp\/v2\/product\/7988","targetHints":{"allow":["GET"]}}],"collection":[{"href":"https:\/\/www.buettenberg.ch\/fr\/wp-json\/wp\/v2\/product"}],"about":[{"href":"https:\/\/www.buettenberg.ch\/fr\/wp-json\/wp\/v2\/types\/product"}],"wp:featuredmedia":[{"embeddable":true,"href":"https:\/\/www.buettenberg.ch\/fr\/wp-json\/wp\/v2\/media\/4670"}],"wp:attachment":[{"href":"https:\/\/www.buettenberg.ch\/fr\/wp-json\/wp\/v2\/media?parent=7988"}],"wp:term":[{"taxonomy":"product_brand","embeddable":true,"href":"https:\/\/www.buettenberg.ch\/fr\/wp-json\/wp\/v2\/product_brand?post=7988"},{"taxonomy":"product_cat","embeddable":true,"href":"https:\/\/www.buettenberg.ch\/fr\/wp-json\/wp\/v2\/product_cat?post=7988"},{"taxonomy":"product_tag","embeddable":true,"href":"https:\/\/www.buettenberg.ch\/fr\/wp-json\/wp\/v2\/product_tag?post=7988"}],"curies":[{"name":"wp","href":"https:\/\/api.w.org\/{rel}","templated":true}]}}

Büttenberger Bianco &#8211; 0.5l

<p><strong>Sauce à salade française</strong></p>
<p>Ingrédients :<br />
huile de colza, vinaigre de vin blanc, <strong>jaune d’œuf </strong>pasteurisé, sel, <strong>moutarde</strong>, oignons, bouillon, ail, sauce Worcestershire, mélange d’épices (avec exhausteur de goût glutamate monosodique à base de <strong>blé</strong>), herbes (avec <strong>céleri</strong>)</p>
<p><strong>Conservation :</strong><br />
à conserver au frais à une température maximale de 6 °C. Après ouverture, consommer dans les 2 semaines.   </p>
<p><strong>Valeurs nutritionnelles pour 100 g :</strong><br />
Énergie 1647 kJ (393 kcal), lipides 43,0 g, glucides 0,42 g, sucres 0,28 g, protéines 1,60 g, sel 1,70 g.</p>
<p>Fabriqué avec passion et amour au Büttenberg (Biel/Bienne)</p>

<p>Sauce à salade française 0,5 l <br />(à retirer sur place)<br />Une révolution pour vos salades.</p>

<!-- This site is optimized with the Yoast SEO plugin v27.4 - https://yoast.com/product/yoast-seo-wordpress/ -->
<title>Büttenberger Bianco - 0.5l | Die Stiftung Büttenberg</title>
<meta name="description" content="Sauce à salade française 0,5 l (à retirer sur place)Une révolution pour vos salades." />
<meta name="robots" content="index, follow, max-snippet:-1, max-image-preview:large, max-video-preview:-1" />
<link rel="canonical" href="https://www.buettenberg.ch/fr/produit/buettenberger-bianco-0-5l/" />
<meta property="og:locale" content="fr_FR" />
<meta property="og:type" content="article" />
<meta property="og:title" content="Büttenberger Bianco - 0.5l | Die Stiftung Büttenberg" />
<meta property="og:description" content="Sauce à salade française 0,5 l (à retirer sur place)Une révolution pour vos salades." />
<meta property="og:url" content="https://www.buettenberg.ch/fr/produit/buettenberger-bianco-0-5l/" />
<meta property="og:site_name" content="Die Stiftung Büttenberg" />
<meta property="og:image" content="https://www.buettenberg.ch/wp-content/uploads/2025/06/Buettenberg_Fran-scaled.webp" />
	<meta property="og:image:width" content="2560" />
	<meta property="og:image:height" content="1707" />
	<meta property="og:image:type" content="image/webp" />
<meta name="twitter:card" content="summary_large_image" />
<script type="application/ld+json" class="yoast-schema-graph">{"@context":"https:\/\/schema.org","@graph":[{"@type":"WebPage","@id":"https:\/\/www.buettenberg.ch\/fr\/produit\/buettenberger-bianco-0-5l\/","url":"https:\/\/www.buettenberg.ch\/fr\/produit\/buettenberger-bianco-0-5l\/","name":"Büttenberger Bianco - 0.5l | Die Stiftung Büttenberg","isPartOf":{"@id":"https:\/\/www.buettenberg.ch\/fr\/#website"},"primaryImageOfPage":{"@id":"https:\/\/www.buettenberg.ch\/fr\/produit\/buettenberger-bianco-0-5l\/#primaryimage"},"image":{"@id":"https:\/\/www.buettenberg.ch\/fr\/produit\/buettenberger-bianco-0-5l\/#primaryimage"},"thumbnailUrl":"https:\/\/www.buettenberg.ch\/wp-content\/uploads\/2025\/06\/Buettenberg_Fran-scaled.webp","datePublished":"2025-05-15T12:40:01+00:00","description":"Sauce à salade française 0,5 l (à retirer sur place)Une révolution pour vos salades.","breadcrumb":{"@id":"https:\/\/www.buettenberg.ch\/fr\/produit\/buettenberger-bianco-0-5l\/#breadcrumb"},"inLanguage":"fr-FR","potentialAction":[{"@type":"ReadAction","target":["https:\/\/www.buettenberg.ch\/fr\/produit\/buettenberger-bianco-0-5l\/"]}]},{"@type":"ImageObject","inLanguage":"fr-FR","@id":"https:\/\/www.buettenberg.ch\/fr\/produit\/buettenberger-bianco-0-5l\/#primaryimage","url":"https:\/\/www.buettenberg.ch\/wp-content\/uploads\/2025\/06\/Buettenberg_Fran-scaled.webp","contentUrl":"https:\/\/www.buettenberg.ch\/wp-content\/uploads\/2025\/06\/Buettenberg_Fran-scaled.webp","width":2560,"height":1707},{"@type":"BreadcrumbList","@id":"https:\/\/www.buettenberg.ch\/fr\/produit\/buettenberger-bianco-0-5l\/#breadcrumb","itemListElement":[{"@type":"ListItem","position":1,"name":"Home","item":"https:\/\/www.buettenberg.ch\/fr\/accueil\/"},{"@type":"ListItem","position":2,"name":"Boutique","item":"https:\/\/www.buettenberg.ch\/fr\/boutique\/"},{"@type":"ListItem","position":3,"name":"Büttenberger Bianco &#8211; 0.5l"}]},{"@type":"WebSite","@id":"https:\/\/www.buettenberg.ch\/fr\/#website","url":"https:\/\/www.buettenberg.ch\/fr\/","name":"Die Stiftung Büttenberg","description":"Ein Ort der Begegnungen und Geborgenheit.","publisher":{"@id":"https:\/\/www.buettenberg.ch\/fr\/#organization"},"alternateName":"Die Stiftung Büttenberg","potentialAction":[{"@type":"SearchAction","target":{"@type":"EntryPoint","urlTemplate":"https:\/\/www.buettenberg.ch\/fr\/?s={search_term_string}"},"query-input":{"@type":"PropertyValueSpecification","valueRequired":true,"valueName":"search_term_string"}}],"inLanguage":"fr-FR"},{"@type":"Organization","@id":"https:\/\/www.buettenberg.ch\/fr\/#organization","name":"Die Stiftung Büttenberg","alternateName":"Die Stiftung Büttenberg","url":"https:\/\/www.buettenberg.ch\/fr\/","logo":{"@type":"ImageObject","inLanguage":"fr-FR","@id":"https:\/\/www.buettenberg.ch\/fr\/#\/schema\/logo\/image\/","url":"https:\/\/www.buettenberg.ch\/wp-content\/uploads\/2025\/01\/buttenberg-logo.svg","contentUrl":"https:\/\/www.buettenberg.ch\/wp-content\/uploads\/2025\/01\/buttenberg-logo.svg","width":172,"height":60,"caption":"Die Stiftung Büttenberg"},"image":{"@id":"https:\/\/www.buettenberg.ch\/fr\/#\/schema\/logo\/image\/"}}]}</script>
<!-- / Yoast SEO plugin. -->

Büttenberger Bianco - 0.5l | Die Stiftung Büttenberg

Sauce à salade française 0,5 l (à retirer sur place)Une révolution pour vos salades.

Die Stiftung Büttenberg
