{"id":7992,"date":"2025-05-15T13:33:48","date_gmt":"2025-05-15T12:33:48","guid":{"rendered":"https:\/\/www.buettenberg.ch\/product\/pain-aux-fruits-lisas-ofenglueck-200g\/"},"modified":"2026-04-26T10:55:22","modified_gmt":"2026-04-26T09:55:22","slug":"pain-aux-fruits-lisas-ofenglueck-200g","status":"publish","type":"product","link":"https:\/\/www.buettenberg.ch\/fr\/produit\/pain-aux-fruits-lisas-ofenglueck-200g\/","title":{"rendered":"Pain aux fruits Lisas Ofengl\u00fcck &#8211; 200g"},"content":{"rendered":"<p><strong>Pain aux fruits<\/strong><\/p>\n<p><strong>Ingr\u00e9dients :<\/strong><br \/>\nabricots secs, figues s\u00e8ches, prunes s\u00e8ches, farine, <strong>lait, amandes, noisettes<\/strong>, raisins secs, canneberges, graines de courge, levure chimique, \u00e9pices<\/p>\n<p><strong>Conservation :<\/strong><br \/>\n\u00e0 conserver dans un endroit frais et sec, \u00e0 consommer dans les 7 jours apr\u00e8s ouverture.<\/p>\n<p><strong>Valeurs nutritionnelles pour 100 g :<\/strong><br \/>\n\u00c9nergie 1250 kJ (298 kcal), lipides 8,0 g, glucides 46,8 g, prot\u00e9ines 6,0 g, sel 0,0 g<\/p>\n<p>Fabriqu\u00e9 avec amour et passion au B\u00fcttenberg (Biel\/Bienne).<\/p>\n","protected":false},"excerpt":{"rendered":"<p>Pain aux fruits 200 g<br \/>\nD\u00e9licieux, sucr\u00e9, fait maison.<\/p>\n","protected":false},"featured_media":6643,"template":"","meta":{"_jet_sm_ready_style":"","_jet_sm_style":"","_jet_sm_controls_values":"","_jet_sm_fonts_collection":"","_jet_sm_fonts_links":""},"product_brand":[],"product_cat":[48],"product_tag":[],"class_list":{"0":"post-7992","1":"product","2":"type-product","3":"status-publish","4":"has-post-thumbnail","6":"product_cat-repas","7":"product_shipping_class-envoyer","9":"first","10":"instock","11":"featured","12":"shipping-taxable","13":"purchasable","14":"product-type-simple"},"yoast_head":"<!-- This site is optimized with the Yoast SEO plugin v27.4 - https:\/\/yoast.com\/product\/yoast-seo-wordpress\/ -->\n<title>Pain aux fruits Lisas Ofengl\u00fcck - 200g | Die Stiftung B\u00fcttenberg<\/title>\n<meta name=\"description\" content=\"Pain aux fruits 200 g D\u00e9licieux, sucr\u00e9, fait maison.\" \/>\n<meta name=\"robots\" content=\"index, follow, max-snippet:-1, max-image-preview:large, max-video-preview:-1\" \/>\n<link rel=\"canonical\" href=\"https:\/\/www.buettenberg.ch\/fr\/produit\/pain-aux-fruits-lisas-ofenglueck-200g\/\" \/>\n<meta property=\"og:locale\" content=\"fr_FR\" \/>\n<meta property=\"og:type\" content=\"article\" \/>\n<meta property=\"og:title\" content=\"Pain aux fruits Lisas Ofengl\u00fcck - 200g | Die Stiftung B\u00fcttenberg\" \/>\n<meta property=\"og:description\" content=\"Pain aux fruits 200 g D\u00e9licieux, sucr\u00e9, fait maison.\" \/>\n<meta property=\"og:url\" content=\"https:\/\/www.buettenberg.ch\/fr\/produit\/pain-aux-fruits-lisas-ofenglueck-200g\/\" \/>\n<meta property=\"og:site_name\" content=\"Die Stiftung B\u00fcttenberg\" \/>\n<meta property=\"article:modified_time\" content=\"2026-04-26T09:55:22+00:00\" \/>\n<meta property=\"og:image\" content=\"https:\/\/www.buettenberg.ch\/wp-content\/uploads\/2025\/05\/Fruechtebrot-offen-scaled.jpg\" \/>\n\t<meta property=\"og:image:width\" content=\"2560\" \/>\n\t<meta property=\"og:image:height\" content=\"1707\" \/>\n\t<meta property=\"og:image:type\" content=\"image\/jpeg\" \/>\n<meta name=\"twitter:card\" content=\"summary_large_image\" \/>\n<script type=\"application\/ld+json\" class=\"yoast-schema-graph\">{\"@context\":\"https:\\\/\\\/schema.org\",\"@graph\":[{\"@type\":\"WebPage\",\"@id\":\"https:\\\/\\\/www.buettenberg.ch\\\/fr\\\/produit\\\/pain-aux-fruits-lisas-ofenglueck-200g\\\/\",\"url\":\"https:\\\/\\\/www.buettenberg.ch\\\/fr\\\/produit\\\/pain-aux-fruits-lisas-ofenglueck-200g\\\/\",\"name\":\"Pain aux fruits Lisas Ofengl\u00fcck - 200g | Die Stiftung B\u00fcttenberg\",\"isPartOf\":{\"@id\":\"https:\\\/\\\/www.buettenberg.ch\\\/fr\\\/#website\"},\"primaryImageOfPage\":{\"@id\":\"https:\\\/\\\/www.buettenberg.ch\\\/fr\\\/produit\\\/pain-aux-fruits-lisas-ofenglueck-200g\\\/#primaryimage\"},\"image\":{\"@id\":\"https:\\\/\\\/www.buettenberg.ch\\\/fr\\\/produit\\\/pain-aux-fruits-lisas-ofenglueck-200g\\\/#primaryimage\"},\"thumbnailUrl\":\"https:\\\/\\\/www.buettenberg.ch\\\/wp-content\\\/uploads\\\/2025\\\/05\\\/Fruechtebrot-offen-scaled.jpg\",\"datePublished\":\"2025-05-15T12:33:48+00:00\",\"dateModified\":\"2026-04-26T09:55:22+00:00\",\"description\":\"Pain aux fruits 200 g D\u00e9licieux, sucr\u00e9, fait maison.\",\"breadcrumb\":{\"@id\":\"https:\\\/\\\/www.buettenberg.ch\\\/fr\\\/produit\\\/pain-aux-fruits-lisas-ofenglueck-200g\\\/#breadcrumb\"},\"inLanguage\":\"fr-FR\",\"potentialAction\":[{\"@type\":\"ReadAction\",\"target\":[\"https:\\\/\\\/www.buettenberg.ch\\\/fr\\\/produit\\\/pain-aux-fruits-lisas-ofenglueck-200g\\\/\"]}]},{\"@type\":\"ImageObject\",\"inLanguage\":\"fr-FR\",\"@id\":\"https:\\\/\\\/www.buettenberg.ch\\\/fr\\\/produit\\\/pain-aux-fruits-lisas-ofenglueck-200g\\\/#primaryimage\",\"url\":\"https:\\\/\\\/www.buettenberg.ch\\\/wp-content\\\/uploads\\\/2025\\\/05\\\/Fruechtebrot-offen-scaled.jpg\",\"contentUrl\":\"https:\\\/\\\/www.buettenberg.ch\\\/wp-content\\\/uploads\\\/2025\\\/05\\\/Fruechtebrot-offen-scaled.jpg\",\"width\":2560,\"height\":1707},{\"@type\":\"BreadcrumbList\",\"@id\":\"https:\\\/\\\/www.buettenberg.ch\\\/fr\\\/produit\\\/pain-aux-fruits-lisas-ofenglueck-200g\\\/#breadcrumb\",\"itemListElement\":[{\"@type\":\"ListItem\",\"position\":1,\"name\":\"Home\",\"item\":\"https:\\\/\\\/www.buettenberg.ch\\\/fr\\\/accueil\\\/\"},{\"@type\":\"ListItem\",\"position\":2,\"name\":\"Boutique\",\"item\":\"https:\\\/\\\/www.buettenberg.ch\\\/fr\\\/boutique\\\/\"},{\"@type\":\"ListItem\",\"position\":3,\"name\":\"Pain aux fruits Lisas Ofengl\u00fcck &#8211; 200g\"}]},{\"@type\":\"WebSite\",\"@id\":\"https:\\\/\\\/www.buettenberg.ch\\\/fr\\\/#website\",\"url\":\"https:\\\/\\\/www.buettenberg.ch\\\/fr\\\/\",\"name\":\"Die Stiftung B\u00fcttenberg\",\"description\":\"Ein Ort der Begegnungen und Geborgenheit.\",\"publisher\":{\"@id\":\"https:\\\/\\\/www.buettenberg.ch\\\/fr\\\/#organization\"},\"alternateName\":\"Die Stiftung B\u00fcttenberg\",\"potentialAction\":[{\"@type\":\"SearchAction\",\"target\":{\"@type\":\"EntryPoint\",\"urlTemplate\":\"https:\\\/\\\/www.buettenberg.ch\\\/fr\\\/?s={search_term_string}\"},\"query-input\":{\"@type\":\"PropertyValueSpecification\",\"valueRequired\":true,\"valueName\":\"search_term_string\"}}],\"inLanguage\":\"fr-FR\"},{\"@type\":\"Organization\",\"@id\":\"https:\\\/\\\/www.buettenberg.ch\\\/fr\\\/#organization\",\"name\":\"Die Stiftung B\u00fcttenberg\",\"alternateName\":\"Die Stiftung B\u00fcttenberg\",\"url\":\"https:\\\/\\\/www.buettenberg.ch\\\/fr\\\/\",\"logo\":{\"@type\":\"ImageObject\",\"inLanguage\":\"fr-FR\",\"@id\":\"https:\\\/\\\/www.buettenberg.ch\\\/fr\\\/#\\\/schema\\\/logo\\\/image\\\/\",\"url\":\"https:\\\/\\\/www.buettenberg.ch\\\/wp-content\\\/uploads\\\/2025\\\/01\\\/buttenberg-logo.svg\",\"contentUrl\":\"https:\\\/\\\/www.buettenberg.ch\\\/wp-content\\\/uploads\\\/2025\\\/01\\\/buttenberg-logo.svg\",\"width\":172,\"height\":60,\"caption\":\"Die Stiftung B\u00fcttenberg\"},\"image\":{\"@id\":\"https:\\\/\\\/www.buettenberg.ch\\\/fr\\\/#\\\/schema\\\/logo\\\/image\\\/\"}}]}<\/script>\n<!-- \/ Yoast SEO plugin. -->","yoast_head_json":{"title":"Pain aux fruits Lisas Ofengl\u00fcck - 200g | Die Stiftung B\u00fcttenberg","description":"Pain aux fruits 200 g D\u00e9licieux, sucr\u00e9, fait maison.","robots":{"index":"index","follow":"follow","max-snippet":"max-snippet:-1","max-image-preview":"max-image-preview:large","max-video-preview":"max-video-preview:-1"},"canonical":"https:\/\/www.buettenberg.ch\/fr\/produit\/pain-aux-fruits-lisas-ofenglueck-200g\/","og_locale":"fr_FR","og_type":"article","og_title":"Pain aux fruits Lisas Ofengl\u00fcck - 200g | Die Stiftung B\u00fcttenberg","og_description":"Pain aux fruits 200 g D\u00e9licieux, sucr\u00e9, fait maison.","og_url":"https:\/\/www.buettenberg.ch\/fr\/produit\/pain-aux-fruits-lisas-ofenglueck-200g\/","og_site_name":"Die Stiftung B\u00fcttenberg","article_modified_time":"2026-04-26T09:55:22+00:00","og_image":[{"width":2560,"height":1707,"url":"https:\/\/www.buettenberg.ch\/wp-content\/uploads\/2025\/05\/Fruechtebrot-offen-scaled.jpg","type":"image\/jpeg"}],"twitter_card":"summary_large_image","schema":{"@context":"https:\/\/schema.org","@graph":[{"@type":"WebPage","@id":"https:\/\/www.buettenberg.ch\/fr\/produit\/pain-aux-fruits-lisas-ofenglueck-200g\/","url":"https:\/\/www.buettenberg.ch\/fr\/produit\/pain-aux-fruits-lisas-ofenglueck-200g\/","name":"Pain aux fruits Lisas Ofengl\u00fcck - 200g | Die Stiftung B\u00fcttenberg","isPartOf":{"@id":"https:\/\/www.buettenberg.ch\/fr\/#website"},"primaryImageOfPage":{"@id":"https:\/\/www.buettenberg.ch\/fr\/produit\/pain-aux-fruits-lisas-ofenglueck-200g\/#primaryimage"},"image":{"@id":"https:\/\/www.buettenberg.ch\/fr\/produit\/pain-aux-fruits-lisas-ofenglueck-200g\/#primaryimage"},"thumbnailUrl":"https:\/\/www.buettenberg.ch\/wp-content\/uploads\/2025\/05\/Fruechtebrot-offen-scaled.jpg","datePublished":"2025-05-15T12:33:48+00:00","dateModified":"2026-04-26T09:55:22+00:00","description":"Pain aux fruits 200 g D\u00e9licieux, sucr\u00e9, fait maison.","breadcrumb":{"@id":"https:\/\/www.buettenberg.ch\/fr\/produit\/pain-aux-fruits-lisas-ofenglueck-200g\/#breadcrumb"},"inLanguage":"fr-FR","potentialAction":[{"@type":"ReadAction","target":["https:\/\/www.buettenberg.ch\/fr\/produit\/pain-aux-fruits-lisas-ofenglueck-200g\/"]}]},{"@type":"ImageObject","inLanguage":"fr-FR","@id":"https:\/\/www.buettenberg.ch\/fr\/produit\/pain-aux-fruits-lisas-ofenglueck-200g\/#primaryimage","url":"https:\/\/www.buettenberg.ch\/wp-content\/uploads\/2025\/05\/Fruechtebrot-offen-scaled.jpg","contentUrl":"https:\/\/www.buettenberg.ch\/wp-content\/uploads\/2025\/05\/Fruechtebrot-offen-scaled.jpg","width":2560,"height":1707},{"@type":"BreadcrumbList","@id":"https:\/\/www.buettenberg.ch\/fr\/produit\/pain-aux-fruits-lisas-ofenglueck-200g\/#breadcrumb","itemListElement":[{"@type":"ListItem","position":1,"name":"Home","item":"https:\/\/www.buettenberg.ch\/fr\/accueil\/"},{"@type":"ListItem","position":2,"name":"Boutique","item":"https:\/\/www.buettenberg.ch\/fr\/boutique\/"},{"@type":"ListItem","position":3,"name":"Pain aux fruits Lisas Ofengl\u00fcck &#8211; 200g"}]},{"@type":"WebSite","@id":"https:\/\/www.buettenberg.ch\/fr\/#website","url":"https:\/\/www.buettenberg.ch\/fr\/","name":"Die Stiftung B\u00fcttenberg","description":"Ein Ort der Begegnungen und Geborgenheit.","publisher":{"@id":"https:\/\/www.buettenberg.ch\/fr\/#organization"},"alternateName":"Die Stiftung B\u00fcttenberg","potentialAction":[{"@type":"SearchAction","target":{"@type":"EntryPoint","urlTemplate":"https:\/\/www.buettenberg.ch\/fr\/?s={search_term_string}"},"query-input":{"@type":"PropertyValueSpecification","valueRequired":true,"valueName":"search_term_string"}}],"inLanguage":"fr-FR"},{"@type":"Organization","@id":"https:\/\/www.buettenberg.ch\/fr\/#organization","name":"Die Stiftung B\u00fcttenberg","alternateName":"Die Stiftung B\u00fcttenberg","url":"https:\/\/www.buettenberg.ch\/fr\/","logo":{"@type":"ImageObject","inLanguage":"fr-FR","@id":"https:\/\/www.buettenberg.ch\/fr\/#\/schema\/logo\/image\/","url":"https:\/\/www.buettenberg.ch\/wp-content\/uploads\/2025\/01\/buttenberg-logo.svg","contentUrl":"https:\/\/www.buettenberg.ch\/wp-content\/uploads\/2025\/01\/buttenberg-logo.svg","width":172,"height":60,"caption":"Die Stiftung B\u00fcttenberg"},"image":{"@id":"https:\/\/www.buettenberg.ch\/fr\/#\/schema\/logo\/image\/"}}]}},"_links":{"self":[{"href":"https:\/\/www.buettenberg.ch\/fr\/wp-json\/wp\/v2\/product\/7992","targetHints":{"allow":["GET"]}}],"collection":[{"href":"https:\/\/www.buettenberg.ch\/fr\/wp-json\/wp\/v2\/product"}],"about":[{"href":"https:\/\/www.buettenberg.ch\/fr\/wp-json\/wp\/v2\/types\/product"}],"wp:featuredmedia":[{"embeddable":true,"href":"https:\/\/www.buettenberg.ch\/fr\/wp-json\/wp\/v2\/media\/6643"}],"wp:attachment":[{"href":"https:\/\/www.buettenberg.ch\/fr\/wp-json\/wp\/v2\/media?parent=7992"}],"wp:term":[{"taxonomy":"product_brand","embeddable":true,"href":"https:\/\/www.buettenberg.ch\/fr\/wp-json\/wp\/v2\/product_brand?post=7992"},{"taxonomy":"product_cat","embeddable":true,"href":"https:\/\/www.buettenberg.ch\/fr\/wp-json\/wp\/v2\/product_cat?post=7992"},{"taxonomy":"product_tag","embeddable":true,"href":"https:\/\/www.buettenberg.ch\/fr\/wp-json\/wp\/v2\/product_tag?post=7992"}],"curies":[{"name":"wp","href":"https:\/\/api.w.org\/{rel}","templated":true}]}}

Pain aux fruits Lisas Ofenglück &#8211; 200g

<p><strong>Pain aux fruits</strong></p>
<p><strong>Ingrédients :</strong><br />
abricots secs, figues sèches, prunes sèches, farine, <strong>lait, amandes, noisettes</strong>, raisins secs, canneberges, graines de courge, levure chimique, épices</p>
<p><strong>Conservation :</strong><br />
à conserver dans un endroit frais et sec, à consommer dans les 7 jours après ouverture.</p>
<p><strong>Valeurs nutritionnelles pour 100 g :</strong><br />
Énergie 1250 kJ (298 kcal), lipides 8,0 g, glucides 46,8 g, protéines 6,0 g, sel 0,0 g</p>
<p>Fabriqué avec amour et passion au Büttenberg (Biel/Bienne).</p>

<p>Pain aux fruits 200 g<br />
Délicieux, sucré, fait maison.</p>

<!-- This site is optimized with the Yoast SEO plugin v27.4 - https://yoast.com/product/yoast-seo-wordpress/ -->
<title>Pain aux fruits Lisas Ofenglück - 200g | Die Stiftung Büttenberg</title>
<meta name="description" content="Pain aux fruits 200 g Délicieux, sucré, fait maison." />
<meta name="robots" content="index, follow, max-snippet:-1, max-image-preview:large, max-video-preview:-1" />
<link rel="canonical" href="https://www.buettenberg.ch/fr/produit/pain-aux-fruits-lisas-ofenglueck-200g/" />
<meta property="og:locale" content="fr_FR" />
<meta property="og:type" content="article" />
<meta property="og:title" content="Pain aux fruits Lisas Ofenglück - 200g | Die Stiftung Büttenberg" />
<meta property="og:description" content="Pain aux fruits 200 g Délicieux, sucré, fait maison." />
<meta property="og:url" content="https://www.buettenberg.ch/fr/produit/pain-aux-fruits-lisas-ofenglueck-200g/" />
<meta property="og:site_name" content="Die Stiftung Büttenberg" />
<meta property="article:modified_time" content="2026-04-26T09:55:22+00:00" />
<meta property="og:image" content="https://www.buettenberg.ch/wp-content/uploads/2025/05/Fruechtebrot-offen-scaled.jpg" />
	<meta property="og:image:width" content="2560" />
	<meta property="og:image:height" content="1707" />
	<meta property="og:image:type" content="image/jpeg" />
<meta name="twitter:card" content="summary_large_image" />
<script type="application/ld+json" class="yoast-schema-graph">{"@context":"https:\/\/schema.org","@graph":[{"@type":"WebPage","@id":"https:\/\/www.buettenberg.ch\/fr\/produit\/pain-aux-fruits-lisas-ofenglueck-200g\/","url":"https:\/\/www.buettenberg.ch\/fr\/produit\/pain-aux-fruits-lisas-ofenglueck-200g\/","name":"Pain aux fruits Lisas Ofenglück - 200g | Die Stiftung Büttenberg","isPartOf":{"@id":"https:\/\/www.buettenberg.ch\/fr\/#website"},"primaryImageOfPage":{"@id":"https:\/\/www.buettenberg.ch\/fr\/produit\/pain-aux-fruits-lisas-ofenglueck-200g\/#primaryimage"},"image":{"@id":"https:\/\/www.buettenberg.ch\/fr\/produit\/pain-aux-fruits-lisas-ofenglueck-200g\/#primaryimage"},"thumbnailUrl":"https:\/\/www.buettenberg.ch\/wp-content\/uploads\/2025\/05\/Fruechtebrot-offen-scaled.jpg","datePublished":"2025-05-15T12:33:48+00:00","dateModified":"2026-04-26T09:55:22+00:00","description":"Pain aux fruits 200 g Délicieux, sucré, fait maison.","breadcrumb":{"@id":"https:\/\/www.buettenberg.ch\/fr\/produit\/pain-aux-fruits-lisas-ofenglueck-200g\/#breadcrumb"},"inLanguage":"fr-FR","potentialAction":[{"@type":"ReadAction","target":["https:\/\/www.buettenberg.ch\/fr\/produit\/pain-aux-fruits-lisas-ofenglueck-200g\/"]}]},{"@type":"ImageObject","inLanguage":"fr-FR","@id":"https:\/\/www.buettenberg.ch\/fr\/produit\/pain-aux-fruits-lisas-ofenglueck-200g\/#primaryimage","url":"https:\/\/www.buettenberg.ch\/wp-content\/uploads\/2025\/05\/Fruechtebrot-offen-scaled.jpg","contentUrl":"https:\/\/www.buettenberg.ch\/wp-content\/uploads\/2025\/05\/Fruechtebrot-offen-scaled.jpg","width":2560,"height":1707},{"@type":"BreadcrumbList","@id":"https:\/\/www.buettenberg.ch\/fr\/produit\/pain-aux-fruits-lisas-ofenglueck-200g\/#breadcrumb","itemListElement":[{"@type":"ListItem","position":1,"name":"Home","item":"https:\/\/www.buettenberg.ch\/fr\/accueil\/"},{"@type":"ListItem","position":2,"name":"Boutique","item":"https:\/\/www.buettenberg.ch\/fr\/boutique\/"},{"@type":"ListItem","position":3,"name":"Pain aux fruits Lisas Ofenglück &#8211; 200g"}]},{"@type":"WebSite","@id":"https:\/\/www.buettenberg.ch\/fr\/#website","url":"https:\/\/www.buettenberg.ch\/fr\/","name":"Die Stiftung Büttenberg","description":"Ein Ort der Begegnungen und Geborgenheit.","publisher":{"@id":"https:\/\/www.buettenberg.ch\/fr\/#organization"},"alternateName":"Die Stiftung Büttenberg","potentialAction":[{"@type":"SearchAction","target":{"@type":"EntryPoint","urlTemplate":"https:\/\/www.buettenberg.ch\/fr\/?s={search_term_string}"},"query-input":{"@type":"PropertyValueSpecification","valueRequired":true,"valueName":"search_term_string"}}],"inLanguage":"fr-FR"},{"@type":"Organization","@id":"https:\/\/www.buettenberg.ch\/fr\/#organization","name":"Die Stiftung Büttenberg","alternateName":"Die Stiftung Büttenberg","url":"https:\/\/www.buettenberg.ch\/fr\/","logo":{"@type":"ImageObject","inLanguage":"fr-FR","@id":"https:\/\/www.buettenberg.ch\/fr\/#\/schema\/logo\/image\/","url":"https:\/\/www.buettenberg.ch\/wp-content\/uploads\/2025\/01\/buttenberg-logo.svg","contentUrl":"https:\/\/www.buettenberg.ch\/wp-content\/uploads\/2025\/01\/buttenberg-logo.svg","width":172,"height":60,"caption":"Die Stiftung Büttenberg"},"image":{"@id":"https:\/\/www.buettenberg.ch\/fr\/#\/schema\/logo\/image\/"}}]}</script>
<!-- / Yoast SEO plugin. -->

Pain aux fruits Lisas Ofenglück - 200g | Die Stiftung Büttenberg

Pain aux fruits 200 g Délicieux, sucré, fait maison.

Die Stiftung Büttenberg
